+ 3.
-4
Evaluate -5 + (-8 - -5 - -8).
0
3 + (-2 - 4 - (-4 - 0))
1
What is the value of -1 - (-6 + 2 + -2)?
5
9 + 6 + (-3 - 9)
3
What is the value of 0 + -1 - (-6 - (7 - 9))?
3
What is 6 - (9 - (10 + -3))?
4
What is 5 + -6 - 1 - 2?
-4
What is (-4 - -3) + -1 + 1?
-1
Evaluate 5 - (-6 + (17 - 4)).
-2
Evaluate -2 + 1 + -1 + 4 + 0.
2
Calculate -1 + (0 - (-3 + 2 - -4)).
-4
10 - 4 - (-3 + 5)
4
Calculate -4 - 0 - (3 + -6).
-1
Evaluate (3 - (-2 + 5) - -2) + 1.
3
What is (5 - -1) + -1 - (-9 + 14)?
0
What is the value of (-8 - 1) + (-11 - -18) + -5?
-7
What is 5 + -3 + (2 - 2) + 1?
3
What is the value of 5 - ((4 - 0) + -3)?
4
Calculate 6 + (6 - (-8 - -17)).
3
Evaluate -10 + (0 + 9 - 4).
-5
What is 5 - (3 - 1 - 4) - 4?
3
2 + -4 + 4 - 4
-2
-10 + 18 + -1 + -7
0
What is the value of (-8 - (3 - 4)) + (5 - -1)?
-1
Calculate 6 + (6 - 7) - 9 - -12.
8
Evaluate (0 - -1) + (-9 - (-1 - 2)).
-5
Calculate -38 + 41 + -5 + 1.
-1
Evaluate -2 + -4 + 0 + 1 + 7.
2
-4 + 3 + 3 - 1
1
What is the value of 0 - 6 - (-15 + 12)?
-3
(-1 - (1 + -3)) + -3 - -4
2
What is the value of 8 - (7 + -1 - -12)?
-10
6 + -15 + 5 + 3
-1
What is the value of 1 + (7 - 2) + -1 - -1?
6
Evaluate (-12 - -6 - -14) + -10 + 9.
7
What is the value of -6 + 5 + 4 + -3?
0
What is (4 - -2) + (1 - (-4 - -6))?
5
Evaluate (-1 - 2) + 1 + (0 - 1).
-3
Calculate 8 + 0 + -22 + 9.
-5
What is -9 + -4 + -9 + 19?
-3
Calculate 19 - 9 - (8 - -12).
-10
What is the value of -5 - (-19 - -7) - 0?
7
What is the value of 3 - (-5 + -2 - (0 + -7))?
3
What is -14 - -17 - ((1 - -5) + -1)?
-2
What is -231 - -227 - (-2 - (1 + -3))?
-4
Calculate -1 + 2 + (0 - 4).
-3
Evaluate 12 - 1 - (92 - 85).
4
Evaluate 6 + (0 - (1 + 1)).
4
What is the value of (-21 - -12) + 18 + -1?
8
-4 + (-1 + -5 - -5) + 10
5
-7 + 1 - (-1 - (5 - 3))
-3
2 + (-5 - -7) + -6
-2
-1 + 0 + -1 + -1 + -1
-4
What is the value of -2 + 4 + (-19 - -11)?
-6
Calculate 6 + (-4 - ((-9 - -8) + -6)).
9
What is the value of 13 + 1 + 5 + -12?
7
What is 3 - (-2 + 2) - (-57 - -57)?
3
What is 3 + 2 - (-3 - -4)?
4
What is the value of -7 + (5 + -5 - -1)?
-6
What is 8 + 8 + -21 + 8?
3
What is 2 + 0 - (-8 + 12)?
-2
2 + (5 - 2) - -1
6
Calculate -25 + -6 + 21 - -5.
-5
13 + (0 - (8 + 12))
-7
(-2 - -8) + 8 - 8
6
Evaluate (3 - 3) + -1 + 6 + 0.
5
Calculate -9 - 4 - ((-8 - 6) + 8).
-7
What is 2 - -1 - (-2 + 8)?
-3
Calculate (-6 + (12 - 1) - -2) + -1.
6
What is 3 - (1 - 1) - (-6 + 7)?
2
3 + -6 + 4 - 1
0
What is 4 + -8 - 4 - -6?
-2
-14 - (0 + -7 + -3)
-4
What is the value of 4 - 6 - (2 - 2 - 2)?
0
5 + (-1 + -1 - (-1 + 6))
-2
Calculate 8 + -6 + 7 + -4 + 1.
6
What is -3 + 6 - (-1 - 1)?
5
Calculate -4 + 1 - -5 - 4.
-2
Evaluate 28 + -26 - (-4 + -3 + 0).
9
Calculate 2 + 0 - (-21 + -7 - -21).
9
Calculate (3 - 3) + 1 + 0 + -1.
0
-6 + -1 + (-80 - -83)
-4
Calculate 0 + -2 + 1 + -4.
-5
Calculate (-4 + -4 - -12) + -5.
-1
Evaluate 2 + 6 - (2 + (7 - 6)).
5
(4 - -2 - (2 + 1)) + -9
-6
-28 + 7 - -11 - -1
-9
What is the value of -13 - -8 - ((-2 - 2) + -2)?
1
What is 2 - 3 - -1 - (0 - -4)?
-4
-3 - -8 - 1 - (7 - 3)
0
What is the value of 0 + 0 + (7 - (-4 + 17))?
-6
What is 2 + -1 + -1 + 4 - 7?
-3
What is the value of (-5 + 13 - 3) + -9?
-4
What is the value of 2 - (5 - (-4 + 4)) - 3?
-6
What is (-14 + 17 - (12 + -1)) + 14?
6
-4 - (5 + -4) - -2 - -4
1
1 + -1 - -8 - 10
-2
Calculate 2 + (7 - 2) + (3 - 5).
5
Calculate -3 + (1 - -4) + (5 - 3).
4
What is -10 - (-3 + 1) - (-42 - -27)?
7
What is the value of 11 - (11 - -3) - -12?
9
Calculate -5 + -3 + (-2 - -12).
2
Calculate 8 + (1 - (1 - 1 - -4)).
5
What is the value of -9 + (7 + -4 - -4)?
-2
-6 - -2 - -1 - -5
2
Evaluate -4 - ((5 + 0 - 0) + -2).
-7
What is 8 + -8 + (1 - 6)?
-5
What is the value of -4 - (2 - (0 + 17 + -5))?
6
-2 + 9 + (-10 - -4)
1
What is the value of 4 - (5 + (3 - 9) + 4)?
1
Evaluate 1 - -3 - (-1 + 2).
3
Evaluate (-3 + (-2 - -1) - -3) + -1.
-2
What is -6 + 6 + 5 + 0?
5
Calculate (6 - -3) + 2 - 20.
-9
Evaluate -1 + (0 - -2) + -5.
-4
(0 - 6) + (-2 - -3)
-5
Evaluate (-7 - 2) + 18 + -7.
2
What is 1 + (-2 - (-7 - (-6 - -2)))?
2
What is 1 - (3 + -6 + 4 + 0)?
0
What is the value of -5 + -2 + (8 - 1) + 2?
2
(0 - (3 - (5 + -3))) + 4
3
Calculate (3 - -2) + (-3 - 1) + 8.
9
What is (2 - 2) + (1 - -5) - 4?
2
What is (4 - 0) + 5 - 4?
5
What is 5 + (-3 - (-1 - 2))?
5
What is the value of -4 - (5 - (6 + -3))?
-6
What is the value of 6 - (-4 + 6 + -8 + 12)?
0
What is the value of (6 + 1 + -2 - 2) + -4?
-1
Evaluate 2 + (3 - -3) + (14 - 17).
5
Evaluate (-3 + 2 - (-2 + -1)) + 3.
5
What is 0 + 0 - (43 - 43)?
0
3 + 2 - (17 - (-1 - -7))
-6
9 + -2 + -7 + 5 + 0
5
What is (3 + -2 - 3) + (0 - 2)?
-4
Evaluate 5 + -4 + 1 + (4 - -4).
10
4 - (0 + 3 + (-2 - 1))
4
Evaluate -5 - 0 - -10 - 5.
0
(2 - 1) + (7 - 6)
2
What is the value of -3 + (-9 - -13) + 4?
5
-1 - (6 + -9 + 0 + 6)
-4
What is (2 - -1) + (0 - 6)?
-3
What is the value of -7 + 0 - (93 - 101)?
1
What is the value of -7 + 2 + (4 - -4)?
3
Calculate (5 - (-3 - -3)) + -4 + -4.
-3
Evaluate -7 + (7 - -1) + -4.
-3
-38 - -34 - (1 - -3)
-8
What is the value of -1 - 5 - (-11 - (-8 + 0))?
-3
Evaluate 0 + (3 - -1 - (-53 - -50)).
7
What is 4 + -1 - (-159 + 158)?
4
Calculate -3 - (-9 + 6) - -7.
7
-20 - -16 - (-3 - (1 + -2))
-2
Evaluate 10 + 11 + -24 + 0.
-3
What is -4 + (9 - (3 - -8))?
-6
4 + (-2 - -3) + 1 + -3
3
Evaluate 1 - -1 - (13 + -3 - 14).
6
What is 8 + (7 + -11 - 1) - 2?
1
What is the value of -16 + 9 - (0 + -5)?
-2
Evaluate -8 + 5 - (-2 + -3 - -1).
1
-6 - ((0 + -2 - -3) + -2)
-5
What is (0 - 0) + -4 - (22 - 24)?
-2
-2 + -1 + -4 + 3
-4
What is 13 - 7 - (-10 + 19 + -9)?
6
Evaluate -16 - (-16 + 3 + 1).
-4
Evaluate -5 + (6 - (4 - 1)).
-2
Calculate -5 - (0 + 5) - -12.
2
(-51 - -58) + (-7 - (-2 - -2))
0
What is the value of (-112 - -100) + (11 - 1)?
-2
Calculate -2 + 6 + -12 + 8.
0
What is 0 - 0 - -1 - (-72 - -72)?
1
What is (4 - 0) + (-25 - -19)?
-2
Evaluate 2 + -2 + (4 - 2) - 6.
-4
What is the value of (8 - (0 - (1 - 2))) + -2?
5
6 + 0 - (-10 - -21)
-5
Calculate 8 - (4 - (6 - 5)).
5
What is 4 + 13 + -9 - 18?
-10
Calculate -9 - (1 + -7 + -1).
-2
Evaluate 7 - (-4 + (5 - 0)) - -1.
7
-179 + 179 + -7 + 0 + 1
-6
1 + (0 - -4 - 3)
2
Evaluate 1 + 5 - 3 - 1.
2
What is -2 - (-3 + 1 + 0)?
0
7 - (6 - (2 + -5))
-2
What is the value of -3 + 3 + -10 + 2?
-8
What is the value of 0 - (-6 - (2 - 6))?
2
Calculate 1 + -6 + 7 + -7 - -3.
-2
Calculate -6 - ((-4 - -1) + -5).
2
-5 - 0 - (12 - (-13 + 35))
5
Evaluate 1 + 2 - (12 + -9).
0
3 - 1 - (-3 - (-2 + 1))
4
Calculate 7 + -2 - (-6 + 6).
5
Calculate 0 - (2 + 2 - 2).
-2
7 + 1 + -3 + -2
3
What is (3 - 4) + -2 + -1?
-4
Calculate -1 - 1 - (-4 + -2).
4
(-9 + 9 - 2) + (2 - -2)
2
Calculate -9 + (6 - (1 - 0)).
-4
What is the value of (10 - (0 + -8)) + -10?
8
Calculate (-3 - 2) + (8 - 5).
-2
What is the value of 28 + -39 - (-1 + -3)?
-7
Evaluate 0 - ((-2 - -3) + -5).
4
What is 0 + 0 - (7 + (0 - 4))?
-3
Evaluate -9 + 8 + -5 + 2.
-4
Evaluate (-1 - -1) + (-31 - -30).
-1
Evaluate 0 + 2 - (-33 - -40).
-5
Evaluate 13 - 8 - (1 - -11) - -4.
-3
-3 + -3 - (-5 + -9 + -1)
9
What is the value of -2 + -1 + 0 + 5?
2
What is the value of -7 - (4 - 6) - -7?
2
Evaluate -25 + 22 + (3 + -2 - 3).
-5
0 + (5 - (-7 - -14))
-2
-1 - 0 - -9 - 3
5
Calculate (-3 - -1) + (1 - (6 + -7)).
0
What is -7 + 4 + (6 - 0) + 4?
7
What is 0 - -1 - -2 - (-4 - -8)?
-1
What is 9 + -1 + -10 + -2?
-4
Evaluate (7 - (-7 - -21)) + 5 + -1.
-3
Calculate 6 + -21 + 11 - (-2 - 3).
1
-1 + -3 - (11 + 8 + -25)
2
0 - 3 - (10 + -12)
-1
Calculate -4 + -3 + 6 + -1.
-2
Calculate (12 - 3 - 7) + -6.
-4
Evaluate 0 - ((4 + 1 - 3) + -5).
3
What is the value of 1 - (-1 + (-5 - -1))?
6
Evaluate (5 + 0 - 0) + 1.
6
What is 8 + -5 - (3 + -2 - -4)?
-2
What is the value of (-7 - 9) + 6 - (-2 + -5)?
-3
What is 0 - (5 + -2 + -1)?
-2
Evaluate (7 - 2 - 5) + 4 - 3.
1
Evaluate 8 + (-3 - -12 - 10).
7
4 + 5 - 6 - 1
2
Evaluate 3 - (-5 + 6) - (0 + 0).
2
Calculate -6 + (7 + 6 + -7 - 4).
-4
What is (-4 - 0) + -1 + 4?
-1
What is 8 - 14 - (-2 + -4)?
0
Evaluate -2 - 4 - (14 + 0 - 14).
-6
Evaluate 7 + (-2 - -7) - 6 - 8.
-2
Evaluate 3 - (5 + (3 - -1 - 2)).
-4
What is -2 - (1 - -1) - (-36 - -28)?
4
Calculate -3 - (0 - (2 + -2)).
-3
What is the value of 2 - (4 - 3 - -4)?
-3
What is the value of 24 - 12 - (14 + -2)?
0
What is (-2 - -2) + 1 + (2 - 0)?
3
-6 + 1 - (16 + (-43 - -16))
6
1 + -5 - (-1 - (1 + 3))
1
Calcu